of x(-10)?
2
Let d = 39 - 8. Let u = d + -11. What is the units digit of u?
0
Let u(o) = -o**2 - 12*o + 3. Suppose 4 = -3*m - 14. What is the tens digit of u(m)?
3
Suppose 4*x + 4*s + 8 = -4, -5*s = -3*x + 31. Let b(i) = i**3 + 3*i**x + 1 + 4 - 10*i**2. What is the units digit of b(7)?
5
Let l(q) = q**3 + 5*q**2 + 3*q - 1. Let g be l(-6). Let d = 93 + g. What is the units digit of d?
8
Suppose q - 4 - 4 = 0. What is the units digit of q/(-1 - (0 - 3))?
4
Let y = -5 - -41. What is the units digit of y?
6
Suppose -24*u = -27*u + 45. What is the tens digit of u?
1
Let f(p) = -p + 27. Suppose -z - 4*z = -4*i + 8, -5*z = -i + 2. Let o be f(z). Suppose -83 = -4*m - o. What is the units digit of m?
4
Let k = -48 - -50. Let b be 0/((-1 - -2) + 0). Suppose i + b - 3 = -a, 34 = k*i - 5*a. What is the units digit of i?
7
Let u = -720 - -1017. What is the units digit of u?
7
Let p = 14 + -11. Suppose p*l + 1 = 46. What is the tens digit of l?
1
Let k(a) = 2*a**2 + 2*a - 3*a**2 + a + 12*a**2. What is the tens digit of k(-2)?
3
Let v(z) = 3*z + 209. What is the hundreds digit of v(0)?
2
Suppose 0*p = -3*p + 30. Suppose 2*j - 22 - p = 5*t, 20 = -5*t. What is the units digit of j?
6
Let w(y) = -4*y - 2. Let n(s) = s**2 + 7*s + 3. Let d(h) = 3*n(h) + 5*w(h). What is the units digit of d(-2)?
9
Suppose 5*x - 3*t - 50 = 0, -20 = -0*x - 2*x - 2*t. Let d be (4/(-10))/(2/x). Let z(v) = -10*v - 1. What is the units digit of z(d)?
9
Let v be (-1)/(2 - 14/6). Suppose -2*n + v*o + 2*o = 11, -3 = -o. What is the units digit of n?
2
What is the tens digit of (-4*4)/(2*(-3)/24)?
6
Let w be ((-6)/8)/(2/(-8)). Suppose 4*a = 5*n + 19, -2*n = -w*a - 2*a - 6. Let l = n - -12. What is the units digit of l?
5
Let b be (-3)/(-2 - 1) - 1. Suppose b = 3*k - 4*k + 12. What is the units digit of k?
2
Suppose 2*f = -5 + 3. Let j = f + 4. What is the units digit of 1*9*(j - 2)?
9
Suppose -2*z - 3*n + 250 = 0, -2*n + 6*n + 375 = 3*z. What is the tens digit of z?
2
Suppose 125 + 95 = 5*c - s, 4*s + 149 = 3*c. What is the units digit of c?
3
Suppose 0 = 113*j - 106*j - 196. What is the units digit of j?
8
Let w be 1/(2/(-4)) + 6. Suppose -w*z = z - 10. Suppose -4*s + z*s = -12. What is the units digit of s?
6
Suppose 0*s + 89 = 3*v - s, 0 = 4*s - 4. What is the units digit of v?
0
Let a = 6 - 4. Suppose -4 = -2*f - a*f. What is the units digit of (1/f)/(3/21)?
7
Suppose r + 5 = 3*i - 5, 26 = 4*i + 5*r. Let w = -5 - -6. Let d = i - w. What is the units digit of d?
3
Suppose 10*q - 280 = 2*q. What is the units digit of q?
5
Let y(u) = 4*u**2 + 4*u - 6. What is the tens digit of y(3)?
4
Let v = -4 - -2. Let m be 0/(-1) - 1*v. Suppose -2*a - 6 = -4*b, m*a - 1 = b + 8. What is the units digit of a?
7
Let c be ((3 - 2)*10)/2. Suppose c*u + 10 = -3*g, 8*u = -4*g + 3*u - 5. What is the units digit of g?
5
Let l(s) = 6*s**2 + 2*s + 10. What is the units digit of l(-6)?
4
Let y(u) be the first derivative of 27*u**4/4 - 1. Let f be y(1). Let m = f + -18. What is the units digit of m?
9
Let j = 34 + -8. Suppose 4*n - j = -2*w, -3*w = -2*n + 2*w + 31. What is the units digit of n?
8
What is the units digit of (-6)/(-8) - (-2298)/8?
8
Let l(y) = -5 + 7 + y + 6. Let v be l(-6). Suppose -2*a = v*q - 10, -a - 7 = 4*a - 3*q. What is the units digit of a?
1
Let k be (-3 - 2)*(-1 + -6). Suppose 5*s = 6*h - h + k, 3*h + 15 = 0. What is the units digit of s?
2
What is the units digit of (-35)/(1 + 2/(-1))?
5
Suppose 2*n - 2*w = 96, 5*n - 3*w - 244 = -0*w. Suppose -125 = -5*i - n. What is the tens digit of i?
1
Let x = -13 - -31. Let q = 5 + x. What is the tens digit of q?
2
What is the tens digit of (-2 + 0)*80/(-2)?
8
Let b = 2 - 0. Suppose 2*v = 5*k + 160, 89 + 41 = -4*k + b*v. What is the units digit of (-1)/(-2) - k/4?
8
Suppose x - 1 - 2 = -3*t, 4*x - t - 64 = 0. Let z be ((-12)/(-10))/(x/50). Suppose 6*n - 38 = n - 2*l, z*l + 36 = 4*n. What is the units digit of n?
8
Let j be -7*(1 - 3/21). Let a = 12 + j. What is the units digit of a*(-1 + 5 + -2)?
2
Suppose 0 = -3*b + 2*g + 853, -845 = -3*b - 0*b + 4*g. What is the units digit of b?
7
Suppose -121 = -5*f + 69. What is the units digit of f?
8
Suppose 2*z + 127 = 2*q - 3*z, 3*q - 5*z = 183. What is the units digit of q?
6
Suppose 4*v + 0*v = 12. Let m be (-1)/3 + 34/v. Let b = 17 - m. What is the units digit of b?
6
Let z(s) = -2*s**3 + 3*s**2 - 2. Let h be z(2). Let a = -4 - h. What is the units digit of -1 + a - (-1 + -1)?
3
Let y(b) = 2*b**3 + b**2 + 3*b - 2. Let q be y(3). Suppose -q = -2*v - u, -14 = -3*v - u + 93. What is the units digit of v?
7
Let t(d) = 7*d + 1. Let i(y) be the first derivative of 3*y**2/2 + y + 1. Let v(g) = -9*i(g) + 4*t(g). What is the units digit of v(9)?
4
Let y(p) = -11*p + 21. Let d(j) = 4*j - 7. Let n(r) = 8*d(r) + 3*y(r). What is the units digit of n(-6)?
3
What is the units digit of (-1)/(-2*2/1684)?
1
Let g = -1 + 1. Let k be g/((-2)/(0 - -2)). Suppose 4*j - 6 = 5*j - 3*s, 2*s - 6 = k. What is the units digit of j?
3
What is the units digit of (62 - (-10)/2)*4?
8
Let d = 125 - 82. What is the tens digit of d?
4
Let z(y) be the first derivative of -y**6/360 - y**5/15 - y**4/12 - y**3/3 - 3. Let h(j) be the third derivative of z(j). What is the tens digit of h(-6)?
1
Let o = -72 - -102. Suppose 3*k + 3 = o. What is the units digit of k?
9
Let f be 110/(-9) + 2/9. Let g be ((-2)/4)/(1/f). Suppose d + 1 = g. What is the units digit of d?
5
Suppose 12 = -4*d, -3*g + 87 = -5*d - 0*d. Suppose 0*i - 4*i - 24 = -j, j - 2*i = g. What is the units digit of j?
4
Suppose 6*p = 4*p - 16. What is the units digit of (1 + (-12)/8)*p?
4
Let u(h) = 3*h**2 + 4*h - 2. Let q be u(-5). Let y = q + -12. Let r = -24 + y. What is the units digit of r?
7
Let h(g) = g**2 + 6*g - 14. What is the units digit of h(6)?
8
Let i be (0 + 1)/(5/(-45)). What is the units digit of (i - -7)/((-4)/26)?
3
Let n(h) = 2*h**2 + 19*h + 13. Let d(b) = b**2 + 10*b + 7. Let x(r) = 5*d(r) - 3*n(r). What is the units digit of x(-6)?
2
Suppose 2*l - 26 = -4*p, -16 - 14 = -5*p - 3*l. Let h = p - -10. What is the tens digit of h?
1
Suppose 0 = -t - 4*z + 36, t - 61 = -0*t + z. Suppose -3*q - q + t = 0. What is the units digit of q?
4
Suppose 5*l - 13 = t + 22, 2*l - 6 = 2*t. Let r = l + -4. Suppose 2*b = -r + 16. What is the units digit of b?
6
Suppose -4*k - 8 = -24. Suppose -2*v + 2*a - 3*a + 9 = 0, -k*v = -3*a - 13. Suppose -3*j = -4*z - 0*j + 1, 4*j - v = 0. What is the units digit of z?
1
Let x(m) = m**3 + 3*m**2 - 4*m - 5. What is the units digit of x(-3)?
7
Suppose -2*z = -4*o - 14, 0 = -z + 2*z - o - 5. Let m = 26 - 18. What is the units digit of m - -2 - (4 - z)?
9
Suppose -o = -15 - 8. Suppose u + o = 2*u. What is the units digit of u?
3
Suppose -11*w + 2183 = 5. What is the units digit of w?
8
Let y = -156 + 363. What is the tens digit of y?
0
Let x = 34 - -69. What is the units digit of x?
3
Let q be 4*1 + (-12)/6. Suppose -4*t + 4*p = 0, -2*t + q*p - 12 = -3*p. What is the units digit of t?
4
Suppose 0*n + 10 = c - 5*n, 4*c - n = 135. Suppose c = 2*r + 3*r. Let u = r - -6. What is the tens digit of u?
1
Let b = -4 - -6. Suppose -10 = b*k - 3*k. What is the tens digit of k?
1
Suppose 4*v - 4 = 4. Suppose v*i + 1 = 27. What is the tens digit of i?
1
Suppose -5*y + 16 = 6. Suppose c + y*c = -69. Let g = -14 - c. What is the units digit of g?
9
Suppose x + q - 70 = 4*q, -184 = -3*x - 4*q. What is the units digit of x?
4
Let j(l) = -2*l**3 + 3*l + 3. Let i be j(-2). Let t(v) = v**3 - 8*v**2 - v + 10. Let g be t(8). Suppose -g = b - i. What is the units digit of b?
1
Suppose -5*x = o - 13, -x = o + 2*x - 9. Suppose -h + o*h = 44. What is the tens digit of h?
2
Suppose 0*g - 10 = 5*g. Let p = -2 + 5. Let z = g + p. What is the units digit of z?
1
Let w(d) = -d**3 + d**2 + d + 7. Let n be w(0). Suppose 4*p - 4*f = -n*f + 36, -4*f = 3*p - 27. What is the units digit of p?
9
Let l = 14 - 6. Let m(k) = -5*k - 4. Let t be m(-4). Suppose 2*o + l + t = 5*a, 0 = 2*a - 4*o. What is the units digit of a?
6
Suppose r - 5 = -4*s + 13, 4 = -s + 4*r. Suppose -s*j = j - 115. Suppose -3*v - 3*u + 11 = -1, -5*v = 2*u - j. What is the units digit of v?
5
What is the hundreds digit of (164/(-8) + 3)*(-42)/5?
1
Let h = 1 + -4. Let j = 6 + h. What is the units digit of j?
3
Let h